112527797287 composite?
True
Is 1654986481 prime?
True
Is 236332741 prime?
True
Is 53868085 a prime number?
False
Is 3386529535 a prime number?
False
Is 585580091 a prime number?
False
Is 109839713 a composite number?
False
Is 184782119 prime?
True
Is 103396349 a composite number?
True
Is 12783983789 prime?
False
Is 318301757 a prime number?
True
Is 343124597 a prime number?
False
Is 391403171 prime?
False
Is 508786457 prime?
True
Is 46426807123 a prime number?
False
Is 798410033 composite?
False
Is 30848456777 a composite number?
True
Is 33469770233 prime?
False
Is 23639854933 composite?
False
Is 7408337369 composite?
False
Is 20573502169 composite?
True
Is 995476333 a composite number?
False
Is 3635115205 prime?
False
Is 67060249043 prime?
False
Is 76371112139 composite?
True
Is 4477277227 a prime number?
True
Is 455532797 composite?
False
Is 19590670019 composite?
False
Is 918159215 a prime number?
False
Is 33270612811 a prime number?
True
Is 14569497737 prime?
True
Is 461533321 a composite number?
False
Is 464687477 a prime number?
False
Is 3363147833 a composite number?
True
Is 1225944211 a prime number?
True
Is 433210301 a composite number?
False
Is 9431782391 a prime number?
True
Is 67418727949 a prime number?
True
Is 160689970333 a composite number?
True
Is 50025875243 composite?
True
Is 2702750327 composite?
False
Is 157109295787 prime?
True
Is 43898938943 a prime number?
True
Is 687963961 a prime number?
False
Is 2537643679 prime?
False
Is 3396595099 a composite number?
True
Is 1777550113 prime?
False
Is 1196098069 a composite number?
True
Is 98740927 a composite number?
False
Is 85622737 composite?
True
Is 32250613 composite?
True
Is 2762317643 a composite number?
False
Is 813669083 prime?
True
Is 22138703463 composite?
True
Is 2153663951 composite?
True
Is 25296342917 composite?
True
Is 16420454149 composite?
True
Is 772430167121 composite?
False
Is 10758125089 a prime number?
True
Is 916508401 composite?
True
Is 3900129629 prime?
False
Is 3248226413 a prime number?
True
Is 431675161 a prime number?
True
Is 8382355673 a prime number?
True
Is 8033031254 a prime number?
False
Is 5787018439 a composite number?
True
Is 1314321287 prime?
True
Is 2638615589 a prime number?
False
Is 384744581521 composite?
False
Is 29091360302 a composite number?
True
Is 9117721469 a composite number?
True
Is 1943603921 composite?
True
Is 77619897107 composite?
True
Is 69016349 a composite number?
True
Is 27556232779 composite?
True
Is 166288123667 composite?
False
Is 1777299142 a prime number?
False
Is 26588882111 composite?
True
Is 4491465791 a composite number?
False
Is 71170661 a composite number?
False
Is 288623233 a prime number?
True
Is 985155779 a composite number?
False
Is 9191130757 a prime number?
False
Is 15627211999 a prime number?
False
Is 76163148409 composite?
True
Is 391422271 composite?
True
Is 40221373267 a prime number?
True
Is 2517307883 composite?
True
Is 995214722 composite?
True
Is 5183871173 a prime number?
False
Is 8082521 composite?
False
Is 46686623198 composite?
True
Is 26886079937 a composite number?
True
Is 101111701433 a composite number?
False
Is 9942756529 a prime number?
True
Is 5574423143 composite?
False
Is 8683491983 composite?
False
Is 201982069 a composite number?
False
Is 2416539149 a prime number?
False
Is 603869169 prime?
False
Is 9902682073 prime?
False
Is 746395009 a prime number?
True
Is 128449877 a prime number?
False
Is 17750581487 a composite number?
False
Is 1630989931 a composite number?
True
Is 911336533 a composite number?
True
Is 71268481729 prime?
True
Is 9646054607 a composite number?
True
Is 2486171999 composite?
False
Is 8738605507 composite?
False
Is 24084327271 a prime number?
True
Is 56038580953 a prime number?
False
Is 3182488343 a prime number?
False
Is 2825712157 composite?
True
Is 180280286 prime?
False
Is 94874061409 a composite number?
True
Is 23798095521 prime?
False
Is 2401492007 prime?
False
Is 40151722421 a prime number?
True
Is 135305791 a composite number?
False
Is 3357689597 composite?
False
Is 537288503 a composite number?
False
Is 27366637411 composite?
True
Is 258613001 prime?
True
Is 8750651597 prime?
True
Is 8760576337 a prime number?
True
Is 11132239229 composite?
True
Is 4779779 prime?
True
Is 64274346673 a composite number?
True
Is 37250583683 a composite number?
True
Is 1322245081 composite?
False
Is 39003512663 a composite number?
False
Is 50626455639 a prime number?
False
Is 5742378613 composite?
False
Is 1618618889 a composite number?
False
Is 7775444093 a composite number?
True
Is 21332639479 a prime number?
True
Is 1023322535 prime?
False
Is 774293623 composite?
True
Is 116162656763 composite?
False
Is 1427623867 prime?
True
Is 168946181 a prime number?
False
Is 3731952409 a prime number?
False
Is 4389206713 prime?
False
Is 230499644377 composite?
True
Is 508624141 composite?
True
Is 1702521551 prime?
True
Is 26836037603 composite?
True
Is 2385474647 a prime number?
False
Is 69665072161 a prime number?
False
Is 23913309481 a composite number?
True
Is 6334083323 a prime number?
True
Is 14846379211 a composite number?
True
Is 1063855621 composite?
False
Is 2370369289 composite?
False
Is 397206883 a prime number?
True
Is 592196651 prime?
False
Is 68487239 composite?
True
Is 85997926747 a composite number?
False
Is 10099258241 a prime number?
False
Is 2948821151 a prime number?
True
Is 88657956437 composite?
True
Is 1627318153 composite?
False
Is 170090964631 a composite number?
True
Is 99406009 prime?
True
Is 364029155647 prime?
True
Is 490700839 a prime number?
True
Is 3930297667 a prime number?
True
Is 22395172951 a composite number?
False
Is 12424024069 a composite number?
False
Is 14476041319 a prime number?
False
Is 2807952557 prime?
True
Is 14203883 a composite number?
False
Is 39532343 composite?
False
Is 38984098051 composite?
True
Is 19309594841 a composite number?
True
Is 78504063689 composite?
False
Is 5081551951 a prime number?
False
Is 2686061149 a composite number?
True
Is 2358699851 prime?
True
Is 51195083503 a composite number?
True
Is 485823659 a prime number?
False
Is 10043491177 prime?
False
Is 4601028067 prime?
False
Is 1597008587 composite?
False
Is 238018709 a composite number?
True
Is 1632429397 a prime number?
True
Is 7246696277 composite?
False
Is 10816154771 a composite number?
True
Is 111991207046 prime?
False
Is 2420986307 a prime number?
True
Is 124411996601 composite?
False
Is 4575337697 a prime number?
False
Is 6880465961 composite?
False
Is 15275621063 prime?
False
Is 82185841 a prime number?
True
Is 388105781 a composite number?
True
Is 3654835603 composite?
False
Is 185027107 a prime number?
True
Is 2340745661 a composite number?
False
Is 20304803317 prime?
True
Is 1154712661 a composite number?
False
Is 1481283961 a prime number?
True
Is 21747631289 composite?
False
Is 91270247 a composite number?
False
Is 11114444881 composite?
False
Is 66891463037 a composite number?
True
Is 6600794917 a composite number?
False
Is 1671449159 composite?
True
Is 9993607411 prime?
False
Is 297109583 a composite number?
False
Is 9003478357 a prime number?
True
Is 3185096249 composite?
True
Is 23197891 composite?
False
Is 1724450501 composite?
False
Is 9083550361 prime?
False
Is 11345232211 prime?
True
Is 165479881729 a composite number?
False
Is 64871011 prime?
True
Is 9073459613 a prime number?
False
Is 74997486803 a composite number?
True
Is 791356369 composite?
True
Is 36735426526 composite?
True
Is 151961021 a composite number?
True
Is 1475125283 a composite number?
False
Is 888199657 a composite number?
True
Is 509303686 a prime number?
False
Is 791717621 prime?
True
Is 31359471131 prime?
True
Is 600637754 a prime number?
False
Is 15702360881 a prime number?
True
Is 4041085781 composite?
False
Is 474690017 a prime number?
True
Is 2471528473 composite?
True
Is 3183085861 prime?
False
Is 541178849 composite?
False
Is 2167806983 composite?
False
Is 59617393183 a composite number?
True
Is 1453340377 a prime number?
False
Is 702135397 composite?
True
Is 25906478029 composite?
True
Is 26201158793 composite?
True
Is 402544663 prime?
True
Is 25448193679 prime?
True
Is 235454447 a prime number?
True
Is 26833468003 a composite number?
False
Is 38654336939 